 2124?
True
Does 12 divide 1716?
True
Is 6106 a multiple of 25?
False
Does 11 divide 4388?
False
Is 152 a multiple of 19?
True
Does 54 divide 486?
True
Does 10 divide 6640?
True
Is 49 a factor of 54684?
True
Does 24 divide 39792?
True
Does 85 divide 3691?
False
Is 3 a factor of 21?
True
Is 27 a factor of 7623?
False
Does 20 divide 2505?
False
Does 2 divide 135?
False
Is 19320 a multiple of 168?
True
Is 240 a multiple of 8?
True
Does 108 divide 21734?
False
Is 2 a factor of 2016?
True
Does 28 divide 3164?
True
Does 138 divide 28441?
False
Is 18260 a multiple of 10?
True
Is 3 a factor of 3957?
True
Is 2119 a multiple of 9?
False
Is 8697 a multiple of 121?
False
Is 2193 a multiple of 43?
True
Does 75 divide 525?
True
Is 11 a factor of 65208?
True
Is 66269 a multiple of 22?
False
Is 7250 a multiple of 10?
True
Is 56 a factor of 1456?
True
Is 54574 a multiple of 13?
True
Is 30 a multiple of 5?
True
Does 153 divide 612?
True
Does 47 divide 493?
False
Does 3 divide 405?
True
Does 59 divide 590?
True
Does 25 divide 8475?
True
Does 271 divide 44444?
True
Is 8 a factor of 15880?
True
Does 54 divide 1219?
False
Is 1326 a multiple of 26?
True
Is 30580 a multiple of 22?
True
Is 2 a factor of 12?
True
Is 3683 a multiple of 32?
False
Does 81 divide 162?
True
Is 5911 a multiple of 23?
True
Is 19 a factor of 8727?
False
Does 61 divide 1342?
True
Is 13 a factor of 61971?
True
Is 48 a factor of 912?
True
Does 32 divide 40736?
True
Does 138 divide 11868?
True
Is 3 a factor of 2560?
False
Is 1130 a multiple of 15?
False
Is 679 a multiple of 16?
False
Is 96 a factor of 1344?
True
Is 97 a factor of 12804?
True
Does 45 divide 2142?
False
Is 18 a factor of 5130?
True
Is 11750 a multiple of 87?
False
Is 13 a factor of 1742?
True
Does 6 divide 2791?
False
Does 32 divide 2484?
False
Is 487 a multiple of 9?
False
Is 11398 a multiple of 41?
True
Is 33512 a multiple of 24?
False
Is 21371 a multiple of 21?
False
Is 57384 a multiple of 9?
True
Is 9 a factor of 1160?
False
Does 84 divide 3808?
False
Is 21 a factor of 4011?
True
Is 5187 a multiple of 57?
True
Does 14 divide 1764?
True
Does 6 divide 42720?
True
Is 23 a factor of 15434?
False
Is 1689 a multiple of 6?
False
Is 1300 a multiple of 25?
True
Does 59 divide 1254?
False
Does 86 divide 2150?
True
Is 53 a factor of 4235?
False
Is 20 a factor of 42?
False
Is 511 a multiple of 7?
True
Does 7 divide 2183?
False
Is 968 a multiple of 44?
True
Is 456 a multiple of 8?
True
Is 14 a factor of 629?
False
Is 16 a factor of 48464?
True
Does 56 divide 9800?
True
Is 37 a factor of 4329?
True
Is 80 a multiple of 20?
True
Is 26934 a multiple of 103?
False
Is 51986 a multiple of 141?
False
Is 14 a factor of 8358?
True
Does 3 divide 4475?
False
Is 12 a factor of 24672?
True
Is 4 a factor of 1432?
True
Does 62 divide 10354?
True
Is 285 a multiple of 57?
True
Does 18 divide 501?
False
Is 167 a factor of 18478?
False
Does 25 divide 4925?
True
Does 138 divide 17922?
False
Is 64 a factor of 67267?
False
Does 6 divide 330?
True
Is 2120 a multiple of 4?
True
Is 15 a factor of 4388?
False
Does 48 divide 48?
True
Does 55 divide 50490?
True
Does 13 divide 3055?
True
Is 20 a factor of 1550?
False
Is 54 even?
True
Is 62 a factor of 868?
True
Is 98 a factor of 38220?
True
Is 7520 a multiple of 141?
False
Is 8526 a multiple of 21?
True
Does 17 divide 25262?
True
Is 245 a multiple of 49?
True
Is 7 a factor of 827?
False
Is 93 a factor of 2883?
True
Is 25 a factor of 3925?
True
Does 3 divide 211?
False
Does 75 divide 9208?
False
Is 35 a factor of 1814?
False
Does 40 divide 1560?
True
Is 254 a factor of 14097?
False
Is 12 a factor of 678?
False
Is 22 a factor of 1008?
False
Does 54 divide 13406?
False
Is 1547 a multiple of 17?
True
Is 6169 a multiple of 118?
False
Is 684 a multiple of 19?
True
Does 26 divide 8502?
True
Does 23 divide 644?
True
Does 9 divide 82197?
True
Is 175 a factor of 4696?
False
Does 30 divide 50663?
False
Is 67 a factor of 87350?
False
Is 64 a factor of 22956?
False
Is 116 a factor of 20474?
False
Does 25 divide 625?
True
Is 58879 a multiple of 97?
True
Does 41 divide 1148?
True
Does 21 divide 1071?
True
Is 486 a multiple of 6?
True
Is 4110 a multiple of 5?
True
Is 32395 a multiple of 11?
True
Does 98 divide 58114?
True
Does 17 divide 518?
False
Does 23 divide 31970?
True
Is 7136 a multiple of 90?
False
Is 18 a factor of 18936?
True
Is 4392 a multiple of 18?
True
Is 14 a factor of 293?
False
Does 17 divide 102?
True
Does 45 divide 4545?
True
Is 3768 a multiple of 12?
True
Does 10 divide 1844?
False
Is 405 a multiple of 20?
False
Is 9 a factor of 324?
True
Does 9 divide 22464?
True
Does 91 divide 14197?
False
Is 48 a factor of 912?
True
Does 13 divide 17630?
False
Does 16 divide 416?
True
Is 872 a multiple of 5?
False
Is 32 a multiple of 8?
True
Does 110 divide 3143?
False
Does 73 divide 1024?
False
Is 17949 a multiple of 16?
False
Is 2675 a multiple of 107?
True
Is 11 a factor of 429?
True
Is 24 a factor of 9768?
True
Does 4 divide 12?
True
Is 510 a multiple of 61?
False
Is 1824 a multiple of 68?
False
Is 12 a factor of 414?
False
Is 10500 a multiple of 6?
True
Is 27 a factor of 849?
False
Does 76 divide 18240?
True
Is 43 a factor of 645?
True
Is 104 a factor of 27560?
True
Does 16 divide 73088?
True
Is 23104 a multiple of 81?
False
Is 96 a multiple of 12?
True
Does 86 divide 1634?
True
Is 18 a factor of 4626?
True
Is 224 a factor of 40840?
False
Is 1639 a multiple of 10?
False
Is 20 a factor of 2460?
True
Does 12 divide 89?
False
Does 13 divide 1430?
True
Does 18 divide 429?
False
Is 166 a factor of 8632?
True
Does 98 divide 6123?
False
Does 32 divide 608?
True
Is 47253 a multiple of 13?
False
Does 17 divide 3262?
False
Is 1242 a multiple of 9?
True
Does 134 divide 10050?
True
Does 11 divide 42394?
True
Is 2015 a multiple of 65?
True
Is 61 a factor of 13301?
False
Does 5 divide 436?
False
Is 18 a factor of 540?
True
Does 21 divide 50?
False
Is 6 a factor of 527?
False
Is 13065 a multiple of 195?
True
Is 147762 a multiple of 45?
False
Is 36 a factor of 1505?
False
Is 1611 a multiple of 115?
False
Is 12 a factor of 1698?
False
Is 8 a factor of 1800?
True
Does 40 divide 6631?
False
Does 15 divide 7410?
True
Is 17 a factor of 8942?
True
Is 36720 a multiple of 27?
True
Does 22 divide 9073?
False
Does 9 divide 2709?
True
Is 2096 a multiple of 131?
True
Does 11 divide 60467?
True
Does 27 divide 233?
False
Is 10906 a multiple of 29?
False
Is 46 a factor of 552?
True
Is 1495 a multiple of 63?
False
Is 81 a factor of 3801?
False
Is 3600 a multiple of 16?
True
Does 12 divide 587?
False
Is 244 a factor of 7015?
False
Is 73125 a multiple of 56?
False
Is 136 a multiple of 34?
True
Is 6414 a multiple of 18?
False
Is 25 a factor of 650?
True
Does 85 divide 1500?
False
Does 29 divide 79020?
False
Is 103 a factor of 618?
True
Is 37 a factor of 9483?
False
Is 50 a multiple of 19?
False
Is 18774 a multiple of 42?
True
Is 26 a factor of 32968?
True
Does 8 divide 1152?
True
Does 75 divide 3825?
True
Is 16 a factor of 26432?
True
Is 3 a factor of 627?
True
Is 30328 a multiple of 136?
True
Is 1469 a multiple of 105?
False
Does 37 divide 841?
False
Is 1063 a multiple of 19?
False
Is 25832 a multiple of 23?
False
Is 33 a factor of 7222?
False
Is 19 a factor of 2034?
False
Does 35 divide 2740?
False
Is 42 a multiple of 7?
True
Is 10373 a multiple of 15?
False
Is 37772 a multiple of 284?
True
Is 4172 a multiple of 15?
False
Is 77 a multiple of 4?
False
Does 24 divide 5136?
True
Does 9 divide 3438?
True
Does 32 divide 160?
True
Is 84720 a multiple of 240?
True
Does 16 divide 1453?
False
Is 562 a multiple of 12?
False
Is 30 a factor of 639?
False
Is 1036 a multiple of 28?
True
Is 860 a multiple of 60?
False
Does 14 divide 4889?
False
Is 7 a factor of 69742?
False
Is 2 a factor of 279?
False
Is 3 a factor of 4?
False
Is 1484 a multiple of 99?
False
Is 43752 a multiple of 112?
False
Is 130 a multiple of 2?
True
Is 7 a factor of 700?
True
Is 1105 a multiple of 3?
False
Is 12812 a multiple of 13?
False
Does 64 divide 25472?
True
Is 25 a factor of 26594?
False
Is 5059 a multiple of 139?
False
Is 19 even?
False
Is 16 a factor of 97104?
True
Is 40 a factor of 1036?
False
Is 5116 a multiple of 63?
False
Is 28187 a multiple of 71?
True
Does 77 divide 1232?
True
Does 